uppose 5*i + 6*u - q*u = 3530, -2*u - 3536 = -5*i. What is the tens digit of i?
0
Let a(w) = 3*w**2 - 11*w - 21. Let p = 63 + -47. Let r be a(p). Let b = -402 + r. What is the tens digit of b?
6
Let i(d) = -3*d**2 + 34*d - 9. Let k be i(11). Suppose -7*q - k*s + 2208 = -3*q, s + 555 = q. What is the hundreds digit of q?
5
Let d(h) = 131*h**3 + h**2 + 14*h + 38. What is the units digit of d(6)?
4
Suppose s - 2*c = 6*s - 49, s + 2*c = 13. Let b(l) = 7*l - 34. Let q(z) = 4*z - 17. Let d(v) = s*q(v) - 4*b(v). What is the tens digit of d(22)?
5
Let w = 4831 + -4589. What is the tens digit of w?
4
Let u = -33189 - -61813. What is the tens digit of u?
2
Let l = 8665 - -3682. What is the units digit of l?
7
What is the tens digit of -4204*(1/(-8))/(12/360)?
6
Let y be (0*(-1)/(-3))/2. Suppose -3*z + 1532 = 5*o - y*z, 932 = 3*o + 5*z. What is the hundreds digit of o/2 + -2 + 0 + -1?
1
Let x(r) = r**3 - 3*r + 2. Let l be x(3). Let a(k) = -16*k**2 - 8*k**2 - l*k - 11*k - k**3. What is the hundreds digit of a(-23)?
1
Suppose 322692 = 28*a + 88304. What is the tens digit of a?
7
Let g(v) = -v**2 - 10*v + 9. Let i be g(-10). Suppose 0 = -i*f - 2 - 43. What is the units digit of (-321)/(-11) + 212/44 + f?
9
Suppose -6532 = -20*f + 22*f - 48*f. Let w be (18/(-4))/(1/18). Let x = f - w. What is the tens digit of x?
2
Let k = -4569 + 6125. What is the hundreds digit of k?
5
Let r be 8/(-1 - -3) - 2. Let n(q) = q - 88. Let d(a) = -22. Let g(l) = r*n(l) - 9*d(l). What is the tens digit of g(14)?
5
Suppose 5*s = -3*j + 13315, -3*j + 8*j - s - 22145 = 0. What is the tens digit of j?
3
Let l = 23 - 14. Suppose -5*s + l*s - 1988 = 5*m, -1484 = -3*s + 2*m. Let a = -272 + s. What is the units digit of a?
0
Let c(a) = 15*a + 85. Let n be c(-5). What is the units digit of (1 - (-74 - 4)) + n/(-5)?
7
Suppose 114834*j - 114823*j - 506748 = 0. What is the units digit of j?
8
Let j = 272 + -232. Let w(y) = -y**3 + 42*y**2 - 48*y - 114. What is the units digit of w(j)?
6
Suppose 0*g = 4*y - 5*g + 203, 4*y = -5*g - 213. What is the units digit of 39/y - (-1350)/8?
8
Let f be (-441)/(-14)*20/2. What is the units digit of (-496650)/f*12/(-10)?
2
Let v = 36 + 2. Suppose 0 = -2*m + v + 16. Suppose m*t = 29*t - 102. What is the tens digit of t?
5
Let m = -2444 + 4062. Let u = 3085 - m. What is the tens digit of u?
6
Let v(m) = 3*m**2 + 10*m + 4. Let r be v(0). What is the units digit of 15582/441*(78/r)/1?
9
Let i(g) = g**3 + 9*g**2 - 11*g - 13. Let a be i(-10). Let w be (-3)/a*12/(-2 + -2). What is the tens digit of 37/((9/(-6))/w)?
7
Let t(z) = -62*z**2 + 6*z - 3. Let a be t(-3). What is the tens digit of a/(-2) - (-12)/(-8)?
8
What is the hundreds digit of 4 - 28*12978/(-28)?
9
Suppose -5*k + 40 = 5*c - c, 4*k - 3*c - 1 = 0. Suppose 4*u - w = 8*u - 531, w + 533 = k*u. What is the tens digit of u?
3
Let l = 556 + -280. Let m be (-4)/(-10) + l/10. Suppose -24*g + m*g = 212. What is the tens digit of g?
5
Suppose 3*t - 62638 + 10411 = 5*f, 3*f = 2*t - 34818. What is the ten thousands digit of t?
1
Let h(p) = -p - 59. Let m be h(-14). Let d = m - 12. Let c = -29 - d. What is the tens digit of c?
2
Suppose 5*p - 18777 = 5*w + 41053, 2*p - 4*w - 23924 = 0. What is the ten thousands digit of p?
1
Let h = 10807 - 5427. What is the units digit of h?
0
Suppose -179*r - 88641 + 1103578 = 90*r. What is the units digit of r?
3
Let w = 368 - 233. Suppose 3*c - c = d - 40, 5*d - w = -3*c. What is the units digit of d?
0
Let k be -6 + 4 + 306/3. Let m = 175 - k. What is the units digit of m?
5
Let p be ((-16)/(-64))/(-1 + (-9)/(-8)). Suppose -3*z + 893 + 890 = -2*o, p*o = z - 597. What is the hundreds digit of z?
5
Let i be 10 + -3*2*(-2)/(-6). Suppose 9*y - i = 8*y. Suppose -350 = -y*r + 314. What is the tens digit of r?
8
Suppose -39*k + 107706 = 19*k. What is the hundreds digit of k?
8
Let t be 8/20*(0 + 15/6). Let w be (-1)/t*(5 + (-7 - -3)). What is the units digit of 92 - -1 - -3 - (0 + w)?
7
Let x = 271 + 941. What is the thousands digit of x?
1
Suppose 1263691 = 345*g - 296*g + 264336. What is the tens digit of g?
9
Let h(v) = 46*v**3 - 3*v + 2. Let u(z) = 7*z**2 - z. Let x be u(2). Let t = x + -25. What is the tens digit of h(t)?
4
Suppose -1 + 49 = -8*n. What is the tens digit of n*(-4 + 0/2)?
2
Let o(l) = -74*l + 45. Let c = 213 + -233. What is the thousands digit of o(c)?
1
Suppose 4*r - 40 = -4*c, -r - 4*c = 2*r - 35. Suppose 4*v - r*v + 8 = 0. What is the units digit of ((-124)/v)/((-3)/6)?
1
Suppose -242 - 1045 = 3*o. Let m(y) = -25*y**2 - 64*y - 368. Let b be m(-5). Let a = o - b. What is the tens digit of a?
4
Suppose 40*a - 51181 = 3539. What is the thousands digit of a?
1
Let c(l) = -156 + 172 - 3*l + 26*l**3 - 25*l**3. What is the tens digit of c(8)?
0
Let h(x) = 3*x**2 - 4*x + 5. Let a be h(2). Let j = -7 + a. Suppose 4*o - 392 = -j*l - 102, 0 = -4*o - 20. What is the units digit of l?
5
Let s(f) = -f**3 - 13*f**2 + 13*f - 20. Let w be s(-14). What is the hundreds digit of ((-16)/w - 2)*(-2883)/(-2)?
9
Let z(m) = m**3 + 9*m**2 + 10*m + 13. Let j = 30 - 38. Let o be z(j). What is the units digit of (-240)/(-12) - o/1?
3
What is the tens digit of (5664240/(-216))/((-2)/3)?
3
Let b(n) = -7*n - 290. Let h be b(-42). Suppose 0 = -2*d - h*w + 1480, -2264 = -2*d - d + 5*w. What is the units digit of d?
8
Suppose 0 = t + 2*s - 5, -2*t - s = s - 14. Suppose 1177 = t*o - 2216. What is the tens digit of o?
7
Let v(n) = 433*n - 11929. What is the ten thousands digit of v(118)?
3
Let b(r) = 4*r**3 + 59*r**2 - 26*r - 42. What is the hundreds digit of b(-12)?
8
Let g = -34 - -36. Suppose 3*v + 3*o = 21, -4*o - 14 + g = -4*v. Suppose 3*a = 4*h - 300, -118 = -3*h + v*a + 118. What is the tens digit of h?
7
Suppose 4*b = b + 6, -k + 2*b = -1222. What is the thousands digit of k?
1
Let v be (-29790)/(-21) + 48/(-84). Let m = v + -159. What is the thousands digit of m?
1
Suppose 2*x + 97 = -b + 252, 3*x = 12. Let a = b + 1151. What is the hundreds digit of a?
2
Let c(y) be the third derivative of -8*y**2 - 3/8*y**4 + 0*y + 0 + 11*y**3. What is the units digit of c(-7)?
9
Let m(j) = 3*j**2 + 3*j - 31. Let a be (-335)/268*(9 + -2 + 1). What is the hundreds digit of m(a)?
2
Let g(u) = -12*u - 14. Let c = -5 + 10. Suppose s + 16 = 3*l + 1, -19 = s - c*l. What is the units digit of g(s)?
4
Suppose 127*n + 30492 = 149*n. What is the hundreds digit of n?
3
What is the thousands digit of 25/(200/(-16)) + (1 - -7695)?
7
Suppose -5*w + 2 = -4*l, 4*l - 10 = -w - 0*l. Suppose -p - m - 21 = w*m, 51 = -2*p - 3*m. What is the hundreds digit of 9/(-3 + (-92)/p)?
1
What is the tens digit of ((-3880)/(-6)*-12)/(-1) + (-2 - 4)?
5
Let n(a) be the third derivative of a**6/120 + 2*a**5/15 - 5*a**4/24 + 3*a**3/2 + 10*a**2. Let d be n(-8). Suppose -355 = -3*j - d. What is the tens digit of j?
0
Let a = -137 - -112. Let n be (-10)/a - 334/10. What is the tens digit of (n/15 + 1)*1045/(-22)?
5
Let s be ((-66)/165)/(4/(-190)). Suppose 23*v - 1428 = s*v. What is the tens digit of v?
5
Suppose 4990919 = -22*o + 29313679. What is the tens digit of 4/(-22) + o/1166?
4
Let a(d) = 2*d**2 - 28*d - 2. Let g(w) = w**2 + 8*w + 19. Let p be g(-6). Suppose -p = 2*t - 45. What is the tens digit of a(t)?
8
Suppose -127*w + 1517614 + 279130 = -516815. What is the thousands digit of w?
8
Let f(q) = 7*q**2 + 22*q - 98. What is the hundreds digit of f(-35)?
7
Suppose 0 = -2*l + 662 + 638. Suppose -8*a + l = 74. Suppose 3*q - 3*j - a = 0, 2*q - 5*j - 17 - 22 = 0. What is the units digit of q?
7
Suppose -5*l = 2*v + 88, -5*v + 2*l - 208 = 70. Let q = v - -58. Suppose o - 31 = -q. What is the tens digit of o?
2
Suppose 8*a + 12 - 44 = 0. Suppose -n + 2*n = -3*c + 212, -913 = -a*n + c. What is the units digit of n?
7
Suppose 0 = 4*m + 8, 3*o + 187*m = 184*m + 41169. What is the hundreds digit of o?
7
Let d(v) = -90*v**2 - 2*v + 63. Let f be d(-51). What is the units digit of (-3)/4 + f/(-300)?
9
Let p be ((-6)/8*-2)/((-17)/(-442)). Let f be p - (-4)/((-8)/2). What is the units digit of f/(-3 + 4) + -1?
7
Let y = 1545 - -18965. What is the hundreds digit of y?
5
Let x(m) = -1 - m - 4*m - m**2 - 1 - 4. Let o be x(-3). Suppose 4*n + 2*y - 200 = o, 2*n - 7*y + 2*y = 88. What is the units digit of n?
9
Let q be 41/(-3) + 4/6. Let l = 75 + q.